culate the remainder when 917 is divided by 17.
16
Calculate the remainder when 335 is divided by 113.
109
What is the remainder when 247 is divided by 14?
9
Calculate the remainder when 1349 is divided by 25.
24
Calculate the remainder when 2017 is divided by 202.
199
Calculate the remainder when 22065 is divided by 34.
33
Calculate the remainder when 3500 is divided by 10.
0
What is the remainder when 399 is divided by 83?
67
What is the remainder when 189 is divided by 19?
18
Calculate the remainder when 3654 is divided by 53.
50
What is the remainder when 477 is divided by 56?
29
Calculate the remainder when 315 is divided by 206.
109
What is the remainder when 795 is divided by 43?
21
Calculate the remainder when 3720 is divided by 76.
72
Calculate the remainder when 123 is divided by 35.
18
Calculate the remainder when 479 is divided by 48.
47
Calculate the remainder when 1961 is divided by 13.
11
What is the remainder when 152 is divided by 46?
14
What is the remainder when 802 is divided by 46?
20
What is the remainder when 136 is divided by 134?
2
Calculate the remainder when 46 is divided by 11.
2
Calculate the remainder when 408 is divided by 42.
30
Calculate the remainder when 237 is divided by 66.
39
Calculate the remainder when 607 is divided by 21.
19
Calculate the remainder when 862 is divided by 24.
22
What is the remainder when 4244 is divided by 25?
19
Calculate the remainder when 1640 is divided by 295.
165
Calculate the remainder when 130 is divided by 18.
4
Calculate the remainder when 3531 is divided by 19.
16
Calculate the remainder when 129 is divided by 9.
3
Calculate the remainder when 279 is divided by 35.
34
What is the remainder when 115 is divided by 94?
21
What is the remainder when 10 is divided by 6?
4
Calculate the remainder when 152 is divided by 56.
40
Calculate the remainder when 183 is divided by 121.
62
Calculate the remainder when 128 is divided by 124.
4
What is the remainder when 264 is divided by 29?
3
Calculate the remainder when 285 is divided by 9.
6
What is the remainder when 231 is divided by 13?
10
Calculate the remainder when 669 is divided by 213.
30
What is the remainder when 384 is divided by 39?
33
What is the remainder when 965 is divided by 54?
47
Calculate the remainder when 100 is divided by 94.
6
What is the remainder when 887 is divided by 90?
77
What is the remainder when 797 is divided by 246?
59
Calculate the remainder when 864 is divided by 150.
114
What is the remainder when 151 is divided by 29?
6
What is the remainder when 2245 is divided by 1099?
47
What is the remainder when 1123 is divided by 549?
25
What is the remainder when 86 is divided by 9?
5
What is the remainder when 12998 is divided by 260?
258
What is the remainder when 229 is divided by 61?
46
What is the remainder when 100 is divided by 90?
10
Calculate the remainder when 1244 is divided by 408.
20
What is the remainder when 2393 is divided by 20?
13
What is the remainder when 3538 is divided by 83?
52
What is the remainder when 623 is divided by 104?
103
What is the remainder when 243 is divided by 116?
11
What is the remainder when 898 is divided by 29?
28
Calculate the remainder when 239 is divided by 20.
19
What is the remainder when 3826 is divided by 91?
4
What is the remainder when 366 is divided by 53?
48
Calculate the remainder when 688 is divided by 23.
21
Calculate the remainder when 516 is divided by 49.
26
Calculate the remainder when 12317 is divided by 8.
5
What is the remainder when 493 is divided by 62?
59
Calculate the remainder when 3367 is divided by 26.
13
Calculate the remainder when 313 is divided by 79.
76
Calculate the remainder when 1860 is divided by 39.
27
Calculate the remainder when 279 is divided by 59.
43
Calculate the remainder when 1305 is divided by 648.
9
Calculate the remainder when 2248 is divided by 50.
48
What is the remainder when 58 is divided by 41?
17
What is the remainder when 22 is divided by 8?
6
What is the remainder when 38 is divided by 21?
17
Calculate the remainder when 149 is divided by 133.
16
What is the remainder when 97 is divided by 63?
34
Calculate the remainder when 399 is divided by 40.
39
What is the remainder when 4345 is divided by 1445?
10
Calculate the remainder when 4504 is divided by 53.
52
Calculate the remainder when 8730 is divided by 236.
234
Calculate the remainder when 45 is divided by 17.
11
Calculate the remainder when 638 is divided by 32.
30
What is the remainder when 82 is divided by 35?
12
Calculate the remainder when 1713 is divided by 5.
3
Calculate the remainder when 6494 is divided by 116.
114
What is the remainder when 703 is divided by 178?
169
Calculate the remainder when 65 is divided by 40.
25
Calculate the remainder when 681 is divided by 38.
35
What is the remainder when 232 is divided by 56?
8
Calculate the remainder when 369 is divided by 12.
9
Calculate the remainder when 58 is divided by 18.
4
What is the remainder when 80 is divided by 33?
14
Calculate the remainder when 144 is divided by 49.
46
What is the remainder when 1739 is divided by 19?
10
Calculate the remainder when 1168 is divided by 14.
6
What is the remainder when 1919 is divided by 40?
39
What is the remainder when 272 is divided by 12?
8
Calculate the remainder when 4734 is divided by 37.
35
Calculate the remainder when 883 is divided by 15.
13
Calculate the remainder when 283 is divided by 128.
27
Calculate the remainder when 327 is divided by 36.
3
Calculate the remainder when 233 is divided by 65.
38
What is the remainder when 313 is divided by 37?
17
Calculate the remainder when 306 is divided by 68.
34
What is the remainder when 723 is divided by 25?
23
Calculate the remainder when 6055 is divided by 3018.
19
Calculate the remainder when 255 is divided by 52.
47
What is the remainder when 662 is divided by 145?
82
What is the remainder when 158 is divided by 27?
23
What is the remainder when 1166 is divided by 277?
58
What is the remainder when 127 is divided by 23?
12
Calculate the remainder when 6149 is divided by 25.
24
Calculate the remainder when 453 is divided by 14.
5
Calculate the remainder when 132 is divided by 34.
30
Calculate the remainder when 38 is divided by 4.
2
Calculate the remainder when 84 is divided by 83.
1
Calculate the remainder when 43 is divided by 18.
7
What is the remainder when 22 is divided by 8?
6
What is the remainder when 127 is divided by 68?
59
What is the remainder when 874 is divided by 163?
59
What is the remainder when 230 is divided by 22?
10
What is the remainder when 106 is divided by 82?
24
What is the remainder when 1178 is divided by 130?
8
Calculate the remainder when 1197 is divided by 1193.
4
Calculate the remainder when 396 is divided by 31.
24
What is the remainder when 57 is divided by 15?
12
What is the remainder when 1214 is divided by 19?
17
Calculate the remainder when 1199 is divided by 80.
79
Calculate the remainder when 581 is divided by 46.
29
What is the remainder when 117 is divided by 30?
27
Calculate the remainder when 113 is divided by 14.
1
Calculate the remainder when 14495 is divided by 22.
19
Calculate the remainder when 7370 is divided by 101.
98
Calculate the remainder when 1615 is divided by 58.
49
What is the remainder when 124 is divided by 33?
25
What is the remainder when 38 is divided by 6?
2
What is the remainder when 576 is divided by 576?
0
What is the remainder when 1488 is divided by 68?
60
Calculate the remainder when 5349 is divided by 51.
45
Calculate the remainder when 382 is divided by 129.
124
Calculate the remainder when 633 is divided by 163.
144
What is the remainder when 1439 is divided by 9?
8
Calculate the remainder when 26 is divided by 18.
8
Calculate the remainder when 104 is divided by 57.
47
Calculate the remainder when 3163 is divided by 288.
283
Calculate the remainder when 2494 is divided by 6.
4
What is the remainder when 2234 is divided by 120?
74
What is the remainder when 105 is divided by 12?
9
Calculate the remainder when 2274 is divided by 65.
64
What is the remainder when 170 is divided by 25?
20
What is the remainder when 147 is divided by 116?
31
Calculate the remainder when 331 is divided by 165.
1
Calculate the remainder when 42533 